lculate the greatest common divisor of o and 26820.
9
Let b = -16810 + 17200. What is the greatest common divisor of b and 156?
78
Suppose -265*f + 1112 - 454 + 8882 = 0. What is the greatest common divisor of 3216 and f?
12
Let w(c) = 6*c + 58. Suppose -5*l + j = -0*l - 55, 0 = -2*l + 2*j + 14. Let r be w(l). Calculate the greatest common divisor of r and 325.
65
Let j(g) = -5*g**2 - 58*g + 180. Let v be j(-14). What is the greatest common divisor of 13044 and v?
12
Suppose 8*o + 629 = -56*o + 3061. Calculate the highest common divisor of 3382 and o.
38
Let r(k) = -30 + 5*k**2 - 13*k**2 + 7*k**2 + 11*k. Let l be r(5). Let p be 450 + l/((8/(-4))/(-2)). Calculate the highest common divisor of p and 50.
50
Suppose 4*k - 290 = -5*n, -5*k = -2*n - 315 - 31. Let g(h) = -69*h + 4. Let a be g(-4). Calculate the highest common factor of k and a.
70
Let j be (-12)/10 + ((-7728)/20)/(-7). Let r be (-44)/33*(-270)/2. What is the highest common divisor of r and j?
18
Let j = -29016 - -29520. What is the greatest common divisor of 497 and j?
7
Let r(l) = 8*l**2 - 34*l - 110. Let v(p) = -5*p**2 + 17*p + 55. Let x(y) = 3*r(y) + 5*v(y). Let n be x(-7). What is the greatest common divisor of n and 195?
15
Let z(o) = -o**3 + 31*o**2 - 13*o + 111. Let x be z(27). What is the highest common divisor of x and 36?
12
Let f = 167 + -142. Suppose -f = 4*s - 113. Suppose 3*h = -0*h + 264. Calculate the highest common divisor of h and s.
22
Let m = -79 - -79. Suppose m = -15*c - 4*c + 190. What is the highest common divisor of c and 90?
10
Let l be (21/7 - 7) + 48/4. Let o be ((-56)/(-7))/(l/192). Calculate the highest common factor of o and 144.
48
Let l be 590/4 - ((-21)/(-42))/((-2)/10). What is the highest common divisor of l and 2025?
75
Suppose 45*b + 52*b + 297 = 100*b. Calculate the highest common divisor of b and 781.
11
Let l(s) = 7*s + 58. Let p be l(-8). Suppose -4*t = -p*c - 64, -5*t - 29 = 3*c - 131. Let u = 130 - 58. Calculate the highest common factor of u and t.
18
Suppose -119*r = -124*r + 95. Suppose 13*f - r*f = -48. Let s = 103 - f. Calculate the highest common divisor of 19 and s.
19
Suppose 6*t - 15 = -99. Let s(r) be the first derivative of -r**2/2 + 9*r + 3. Let j be s(t). What is the highest common factor of j and 115?
23
Let a be (-5)/((-110)/(-282)) + 6/(-33). Let t be (-150)/(((-6)/(-8))/(a/26)). Suppose 4*j - 9*j = -t. Calculate the greatest common divisor of j and 12.
4
Let l = 330 - -88. Suppose 7*r - 1762 = -l. Calculate the greatest common divisor of r and 6.
6
Suppose 380 = 5*t - 40. Suppose 30*y = 36*y - t. What is the greatest common divisor of y and 287?
7
Suppose 152*z - 9324 = -8*z + 12*z. Calculate the highest common factor of z and 19341.
63
Let t be 14/3 + 10/(-15). Suppose -1949 = -t*n + h, -3*n + 6*n - 1470 = -2*h. What is the greatest common factor of 61 and n?
61
Let q(f) = -104*f**2 + 7*f + 8*f + 23 - 4*f + 103*f**2. Let z be q(12). Calculate the greatest common divisor of z and 11.
11
Let u be 14*1/((-1)/(-2)). Let k(r) = -2*r**3 - 6*r**2 - 11. Let l be k(-7). Suppose 0 = 46*a - l + 59. What is the highest common factor of a and u?
7
Suppose -14 + 14 = -13*p. Suppose 2*t + p*t - 2*d - 10 = 0, -4*t + 5*d = -15. What is the highest common factor of 14 and t?
2
Let n(d) = -3*d + 8. Let m be n(4). Let k be (-12 - -3*(m - -3))*-2. Suppose -35*v + k*v + 500 = 0. Calculate the greatest common factor of v and 20.
20
Suppose -322*r + 1251 = -321*r - 3*l, 3*l = -4*r + 5109. What is the greatest common divisor of 72 and r?
24
Let j be (-1283)/(-8) - (-54)/(-144). What is the greatest common factor of j and 540?
20
Let g(r) = r - 16. Let b be g(28). Suppose -300 = -b*i - 84. Suppose 0 = -f - 4*q + 47, -4*q + 0*q = 5*f - 155. What is the greatest common divisor of f and i?
9
Let i be 7 + 196/7 - -9. Let h be 27800/i + 0 + (-2)/(-11). What is the highest common factor of 8 and h?
8
Let n(d) = -8*d - 62. Let z be n(-6). Let k = 36 + -34. Let l = k - z. Calculate the greatest common divisor of 16 and l.
16
Let s(m) = -47*m**3 + 16*m**2 + 26*m + 93. Let v be s(-7). Calculate the highest common factor of 16 and v.
16
Let n = -304 + 322. Suppose -n*s = -22*s + 96. What is the highest common factor of s and 18?
6
Suppose -4*v + z = -10, 22 = 4*v + 21*z - 16*z. Suppose 3*p + 189 = a, -2*a - v*p = -365 - 40. Let u = 23 + -5. What is the highest common divisor of a and u?
18
Let l = 3040 + -3016. What is the greatest common factor of 66 and l?
6
Let i = -29416 - -29462. Calculate the greatest common factor of i and 4393.
23
Let c = -14056 - -14157. What is the greatest common factor of 15857 and c?
101
Let v(m) = 35*m + 110. Let u be v(-3). Suppose 0 = -u*t - 5*w + 2830, 5*w = -4*t + 7*w + 2258. What is the greatest common factor of 5 and t?
5
Let q(u) = -79*u + 1090. Let s be q(-2). What is the greatest common divisor of 2652 and s?
156
Suppose 5*x - 170 = 5*d, 6*x + 4*d - 4 = 5*x. Calculate the highest common factor of 1302 and x.
14
Suppose 866 = 8*i + 506. What is the greatest common divisor of 240 and i?
15
Let c = -8 + 11. Suppose -2*t - 4 = 0, -12 - 45 = -3*i + c*t. Let j = -1994 - -2011. Calculate the greatest common divisor of i and j.
17
Suppose 5*w = -3*b + 625, -5*b + 1831 = 5*w + 1206. Suppose 5*q + 30 = v - 185, -5*q = -10. What is the greatest common divisor of v and w?
25
Suppose -10*a + 4*a + 84 = 0. Let s be (-2)/a + 505/7. Let r be 70/(-15)*(-18)/21. What is the greatest common factor of r and s?
4
Suppose 0 = 7*g + 441 + 203. Let x = g - -135. Calculate the highest common factor of 172 and x.
43
Let d be (102/(-30) + 3)*305 + 2. Let j = d + 250. Calculate the highest common divisor of 10 and j.
10
Let i(j) = 22*j**2 - 26*j - 146. Let g be i(-10). Calculate the greatest common divisor of 1424 and g.
178
Let w = 5448 + -5436. Calculate the highest common divisor of w and 196.
4
Let i = 19 + -7. Suppose -2*y - 5*d + 343 = -95, y - 210 = -d. Calculate the greatest common factor of i and y.
12
Suppose -3*z - 5*q + 621 = 0, z + 130*q - 128*q = 206. Suppose 2*l - 9*l = -371. Calculate the highest common factor of l and z.
53
Suppose -2*p = 3*a - 45 - 210, a = 4*p + 99. Let v = -188 - -391. What is the highest common divisor of v and a?
29
Suppose -3*f + 536 = 2*g - 272, 2*f = 0. Let y = g + -332. What is the highest common factor of 120 and y?
24
Let d be (-39)/(4 - (-25)/(-10)). Let b = 53 + d. Suppose 4*o - 6 = 2*o. What is the greatest common divisor of b and o?
3
Suppose 12*b + 33444 = 207708. Calculate the highest common divisor of 137 and b.
137
Let f(k) be the third derivative of -k**6/60 + k**5/60 - k**4/4 + k**3/6 + 44*k**2. Let q be f(-3). What is the highest common divisor of 41 and q?
41
Let k(f) = -295*f + 1793. Let z be k(6). Calculate the greatest common factor of z and 1357.
23
Let d be (-1)/2*(-66)/(-1). Let f = d - -72. Suppose 3 = 4*v - 49. What is the highest common divisor of v and f?
13
Suppose 15 = 5*o - 2*k, 0 = 2*o + k - 3*k - 6. Suppose 0 = 5*u - 15, 17*d - o = 16*d + 3*u. Calculate the greatest common divisor of d and 28.
4
Suppose 28*v = -8*v - 30*v + 6930. Let y = 49 + 119. Calculate the greatest common divisor of y and v.
21
Let h = 3451 - 1777. Calculate the greatest common factor of 108 and h.
54
Suppose 0 = -o - 4*b + 71, -5*b + 66 = o - 0. What is the highest common divisor of o and 1339?
13
Let f be (2592/(-3024))/(6/(-238)). Suppose -3*m - 4*i = -15, 0 - 25 = -5*m + 5*i. Suppose -m*l + 8 + 162 = 0. What is the highest common divisor of l and f?
34
Suppose 2*o + 2*u = 7424, -5*o + 8*o = -4*u + 11136. What is the greatest common divisor of o and 1160?
232
Let n(g) = g**2 + 3. Let o(d) = 160*d**2 + 13*d + 23. Let s(x) = -4*n(x) + o(x). Let y be s(-1). Calculate the greatest common divisor of y and 11.
11
Let g be (84/(-22))/(196/(-4312)). Let d be 20/6*(-126)/(-15). What is the highest common factor of g and d?
28
Suppose 10964 = 4*l + 2*k, 27*k - 29*k = 2*l - 5486. Calculate the greatest common factor of 415 and l.
83
Suppose 1096 - 246 = 5*b. Let i(k) = -3*k**3 - 4*k - 1. Let y be i(-3). Let d = -58 + y. What is the highest common divisor of b and d?
34
Let i be (-34 - 13299/(-312)) + (-3)/(-8). Let n be ((-4)/(-12))/((-2)/(-18)). What is the greatest common divisor of n and i?
3
Let z be (-7